at is the thousands digit of 14981?
4
What is the hundreds digit of 1173?
1
What is the thousands digit of 28750?
8
What is the ten thousands digit of 30106?
3
What is the tens digit of 967?
6
What is the units digit of 2434?
4
What is the tens digit of 662?
6
What is the units digit of 26584?
4
What is the tens digit of 80415?
1
What is the thousands digit of 11445?
1
What is the hundreds digit of 7051?
0
What is the units digit of 55110?
0
What is the tens digit of 61781?
8
What is the hundreds digit of 56013?
0
What is the units digit of 67367?
7
What is the hundreds digit of 10610?
6
What is the hundreds digit of 25155?
1
What is the units digit of 2?
2
What is the thousands digit of 6450?
6
What is the hundreds digit of 53401?
4
What is the thousands digit of 40653?
0
What is the thousands digit of 3489?
3
What is the hundreds digit of 48386?
3
What is the hundreds digit of 55148?
1
What is the hundreds digit of 40864?
8
What is the tens digit of 160?
6
What is the thousands digit of 6751?
6
What is the hundreds digit of 1094?
0
What is the ten thousands digit of 178316?
7
What is the tens digit of 68?
6
What is the tens digit of 752?
5
What is the hundreds digit of 754?
7
What is the units digit of 1126?
6
What is the hundreds digit of 628?
6
What is the units digit of 2096?
6
What is the tens digit of 13003?
0
What is the thousands digit of 4003?
4
What is the units digit of 2706?
6
What is the ten thousands digit of 48217?
4
What is the hundreds digit of 426?
4
What is the units digit of 1562?
2
What is the hundreds digit of 423?
4
What is the tens digit of 6427?
2
What is the units digit of 429?
9
What is the units digit of 87265?
5
What is the hundreds digit of 940?
9
What is the hundreds digit of 8708?
7
What is the thousands digit of 3428?
3
What is the hundreds digit of 2995?
9
What is the tens digit of 5499?
9
What is the hundreds digit of 7161?
1
What is the hundreds digit of 13309?
3
What is the ten thousands digit of 80440?
8
What is the tens digit of 1591?
9
What is the thousands digit of 2714?
2
What is the units digit of 1156?
6
What is the tens digit of 2306?
0
What is the tens digit of 3842?
4
What is the thousands digit of 16701?
6
What is the units digit of 7921?
1
What is the tens digit of 223?
2
What is the tens digit of 1559?
5
What is the units digit of 1899?
9
What is the units digit of 14923?
3
What is the hundreds digit of 1432?
4
What is the tens digit of 1570?
7
What is the thousands digit of 11489?
1
What is the units digit of 1289?
9
What is the hundreds digit of 127340?
3
What is the tens digit of 7108?
0
What is the tens digit of 35235?
3
What is the hundreds digit of 11405?
4
What is the units digit of 1901?
1
What is the units digit of 6544?
4
What is the tens digit of 204?
0
What is the hundreds digit of 3180?
1
What is the thousands digit of 7387?
7
What is the tens digit of 917?
1
What is the hundreds digit of 1205?
2
What is the thousands digit of 1456?
1
What is the ten thousands digit of 53411?
5
What is the units digit of 539?
9
What is the tens digit of 19971?
7
What is the units digit of 2340?
0
What is the tens digit of 3444?
4
What is the units digit of 3362?
2
What is the thousands digit of 55984?
5
What is the hundreds digit of 135?
1
What is the units digit of 171?
1
What is the ten thousands digit of 64147?
6
What is the thousands digit of 3611?
3
What is the thousands digit of 2748?
2
What is the units digit of 63?
3
What is the tens digit of 24908?
0
What is the tens digit of 38644?
4
What is the units digit of 2399?
9
What is the thousands digit of 2650?
2
What is the hundreds digit of 37910?
9
What is the hundreds digit of 6659?
6
What is the hundreds digit of 537?
5
What is the thousands digit of 6760?
6
What is the hundreds digit of 11259?
2
What is the hundreds digit of 82791?
7
What is the hundreds digit of 537?
5
What is the hundreds digit of 848?
8
What is the thousands digit of 1031?
1
What is the tens digit of 3235?
3
What is the tens digit of 6453?
5
What is the thousands digit of 59481?
9
What is the tens digit of 29727?
2
What is the tens digit of 10320?
2
What is the thousands digit of 17525?
7
What is the units digit of 6461?
1
What is the hundred thousands digit of 127715?
1
What is the hundreds digit of 41990?
9
What is the tens digit of 18783?
8
What is the ten thousands digit of 17213?
1
What is the units digit of 52369?
9
What is the units digit of 4567?
7
What is the thousands digit of 2444?
2
What is the tens digit of 7693?
9
What is the hundreds digit of 1058?
0
What is the units digit of 1696?
6
What is the tens digit of 1578?
7
What is the ten thousands digit of 31886?
3
What is the hundreds digit of 44575?
5
What is the units digit of 2152?
2
What is the thousands digit of 3109?
3
What is the units digit of 429?
9
What is the thousands digit of 11711?
1
What is the units digit of 66214?
4
What is the hundreds digit of 2074?
0
What is the units digit of 628?
8
What is the hundreds digit of 840?
8
What is the thousands digit of 4295?
4
What is the thousands digit of 2610?
2
What is the thousands digit of 13302?
3
What is the units digit of 3247?
7
What is the tens digit of 6583?
8
What is the tens digit of 1599?
9
What is the tens digit of 1573?
7
What is the ten thousands digit of 18901?
1
What is the thousands digit of 66784?
6
What is the tens digit of 715?
1
What is the tens digit of 573?
7
What is the thousands digit of 31851?
1
What is the ten thousands digit of 45334?
4
What is the units digit of 8014?
4
What is the tens digit of 96380?
8
What is the tens digit of 33657?
5
What is the thousands digit of 7777?
7
What is the units digit of 233?
3
What is the thousands digit of 21604?
1
What is the thousands digit of 82877?
2
What is the hundreds digit of 41011?
0
What is the units digit of 8499?
9
What is the tens digit of 160169?
6
What is the thousands digit of 8380?
8
What is the tens digit of 4854?
5
What is the hundreds digit of 482?
4
What is the hundreds digit of 72206?
2
What is the units digit of 39079?
9
What is the thousands digit of 58615?
8
What is the units digit of 2896?
6
What is the thousands digit of 1673?
1
What is the thousands digit of 2281?
2
What is the tens digit of 14390?
9
What is the tens digit of 10035?
3
What is the hundred thousands digit of 125871?
1
What is the tens digit of 4527?
2
What is the units digit of 31047?
7
What is the thousands digit of 22058?
2
What is the tens digit of 4483?
8
What is the units digit of 2165?
5
What is the hundreds digit of 69927?
9
What is the tens digit of 4539?
3
What is the ten thousands digit of 18007?
1
What is the thousands digit of 2020?
2
What is the units digit of 503?
3
What is the thousands digit of 31893?
1
What is the units digit of 21019?
9
What is the tens digit of 639?
3
What is the thousands digit of 2645?
2
What is the units digit of 5706?
6
What is the hundreds digit of 122135?
1
What is the units digit of 2574?
4
What is the thousands digit of 7905?
7
What is the thousands digit of 5913?
5
What is the units digit of 52751?
1
What is the ten thousands digit of 10490?
1
What is the tens digit of 22953?
5
What is the units digit of 2407?
7
What is the thousands digit of 3791?
3
What is the units digit of 1260?
0
What is the tens digit of 54206?
0
What is the hundreds digit of 1041?
0
What is the units digit of 2496?
6
What is the units digit of 2848?
8
What is the hundreds digit of 6282?
2
What is the units digit of 4437?
7
What is the tens digit of 651?
5
What is the tens digit of 3508?
0
What is the ten thousands digit of 37990?
3
What is the ten thousands digit of 48690?
4
What is the tens digit of 2249?
4
What is the tens digit of 63?
6
What is the ten thousands digit of 48240?
4
What is the ten thousands digit of 15353?
1
What is the units digit of 29133?
3
What is the units digit of 54127?
7
What is the thousands digit of 2026?
2
What is the hundreds digit of 4614?
6
What is the hundreds digit of 21057?
0
What is the units digit of 757?
7
What is the hundreds digit of 1472?
4
What is the units digit of 14394?
4
What is the tens digit of 380?
8
What is the hundreds digit of 939?
9
What is the hundreds digit of 861?
8
What is the thousands digit of 15260?
5
What is the te